{"id":15676,"date":"2023-05-30T09:32:14","date_gmt":"2023-05-30T09:32:14","guid":{"rendered":"https:\/\/wasahotels.ee\/resort\/?page_id=15676"},"modified":"2025-03-21T10:41:46","modified_gmt":"2025-03-21T10:41:46","slug":"paevaspaa","status":"publish","type":"page","link":"https:\/\/wasahotels.ee\/resort\/paevaspaa\/","title":{"rendered":"P\u00c4EVASPAA PAKETID"},"content":{"rendered":"","protected":false},"excerpt":{"rendered":"","protected":false},"author":11,"featured_media":0,"parent":0,"menu_order":0,"comment_status":"closed","ping_status":"closed","template":"","meta":{"_acf_changed":false,"inline_featured_image":false,"footnotes":""},"class_list":["post-15676","page","type-page","status-publish","hentry"],"yoast_head":"<!-- This site is optimized with the Yoast SEO plugin v27.4 - https:\/\/yoast.com\/product\/yoast-seo-wordpress\/ -->\n<title>Laboratorio - Olfattivo-<\/title>\n<meta name=\"robots\" content=\"index, follow, max-snippet:-1, max-image-preview:large, max-video-preview:-1\" \/>\n<link rel=\"canonical\" href=\"https:\/\/wasahotels.ee\/resort\/paevaspaa\/\" \/>\n<meta property=\"og:locale\" content=\"et_EE\" \/>\n<meta property=\"og:type\" content=\"article\" \/>\n<meta property=\"og:title\" content=\"Laboratorio Olfattivo\" \/>\n<meta property=\"og:description\" content=\"LO br\u00e4nd pakub t\u00e4naseks lisaks parf\u00fc\u00fcmidele ka valiku toal\u00f5hnastajaid, nii pihustatavaid kui difuusereid.\" \/>\n<meta property=\"og:url\" content=\"https:\/\/wasahotels.ee\/resort\/paevaspaa\/\" \/>\n<meta property=\"og:site_name\" content=\"Wasa Resort\" \/>\n<meta property=\"article:publisher\" content=\"https:\/\/www.facebook.com\/wasaresort\/\" \/>\n<meta property=\"article:modified_time\" content=\"2025-03-21T10:41:46+00:00\" \/>\n<meta property=\"og:image\" content=\"https:\/\/wasahotels.ee\/resort\/wp-content\/uploads\/sites\/2\/2022\/05\/LO-orange-vaike.jpg\" \/>\n\t<meta property=\"og:image:width\" content=\"1381\" \/>\n\t<meta property=\"og:image:height\" content=\"876\" \/>\n\t<meta property=\"og:image:type\" content=\"image\/jpeg\" \/>\n<meta name=\"twitter:card\" content=\"summary_large_image\" \/>\n<meta name=\"twitter:title\" content=\"Laboratorio Olfattivo\" \/>\n<meta name=\"twitter:description\" content=\"LO br\u00e4nd pakub t\u00e4naseks lisaks parf\u00fc\u00fcmidele ka valiku toal\u00f5hnastajaid, nii pihustatavaid kui difuusereid.\" \/>\n<meta name=\"twitter:image\" content=\"https:\/\/wasahotels.ee\/resort\/wp-content\/uploads\/sites\/2\/2022\/05\/LO-orange-vaike.jpg\" \/>\n<meta name=\"twitter:label1\" content=\"Est. reading time\" \/>\n\t<meta name=\"twitter:data1\" content=\"3 minutit\" \/>\n<script type=\"application\/ld+json\" class=\"yoast-schema-graph\">{\"@context\":\"https:\\\/\\\/schema.org\",\"@graph\":[{\"@type\":\"WebPage\",\"@id\":\"https:\\\/\\\/wasahotels.ee\\\/resort\\\/paevaspaa\\\/\",\"url\":\"https:\\\/\\\/wasahotels.ee\\\/resort\\\/paevaspaa\\\/\",\"name\":\"Laboratorio - Olfattivo-\",\"isPartOf\":{\"@id\":\"https:\\\/\\\/wasahotels.ee\\\/resort\\\/#website\"},\"datePublished\":\"2023-05-30T09:32:14+00:00\",\"dateModified\":\"2025-03-21T10:41:46+00:00\",\"breadcrumb\":{\"@id\":\"https:\\\/\\\/wasahotels.ee\\\/resort\\\/paevaspaa\\\/#breadcrumb\"},\"inLanguage\":\"et\",\"potentialAction\":[{\"@type\":\"ReadAction\",\"target\":[\"https:\\\/\\\/wasahotels.ee\\\/resort\\\/paevaspaa\\\/\"]}]},{\"@type\":\"BreadcrumbList\",\"@id\":\"https:\\\/\\\/wasahotels.ee\\\/resort\\\/paevaspaa\\\/#breadcrumb\",\"itemListElement\":[{\"@type\":\"ListItem\",\"position\":1,\"name\":\"Home\",\"item\":\"https:\\\/\\\/wasahotels.ee\\\/resort\\\/\"},{\"@type\":\"ListItem\",\"position\":2,\"name\":\"P\u00c4EVASPAA PAKETID\"}]},{\"@type\":\"WebSite\",\"@id\":\"https:\\\/\\\/wasahotels.ee\\\/resort\\\/#website\",\"url\":\"https:\\\/\\\/wasahotels.ee\\\/resort\\\/\",\"name\":\"Wasa Resort\",\"description\":\"Wasa Resort\",\"potentialAction\":[{\"@type\":\"SearchAction\",\"target\":{\"@type\":\"EntryPoint\",\"urlTemplate\":\"https:\\\/\\\/wasahotels.ee\\\/resort\\\/?s={search_term_string}\"},\"query-input\":{\"@type\":\"PropertyValueSpecification\",\"valueRequired\":true,\"valueName\":\"search_term_string\"}}],\"inLanguage\":\"et\"}]}<\/script>\n<!-- \/ Yoast SEO plugin. -->","yoast_head_json":{"title":"Laboratorio - Olfattivo-","robots":{"index":"index","follow":"follow","max-snippet":"max-snippet:-1","max-image-preview":"max-image-preview:large","max-video-preview":"max-video-preview:-1"},"canonical":"https:\/\/wasahotels.ee\/resort\/paevaspaa\/","og_locale":"et_EE","og_type":"article","og_title":"Laboratorio Olfattivo","og_description":"LO br\u00e4nd pakub t\u00e4naseks lisaks parf\u00fc\u00fcmidele ka valiku toal\u00f5hnastajaid, nii pihustatavaid kui difuusereid.","og_url":"https:\/\/wasahotels.ee\/resort\/paevaspaa\/","og_site_name":"Wasa Resort","article_publisher":"https:\/\/www.facebook.com\/wasaresort\/","article_modified_time":"2025-03-21T10:41:46+00:00","og_image":[{"width":1381,"height":876,"url":"https:\/\/wasahotels.ee\/resort\/wp-content\/uploads\/sites\/2\/2022\/05\/LO-orange-vaike.jpg","type":"image\/jpeg"}],"twitter_card":"summary_large_image","twitter_title":"Laboratorio Olfattivo","twitter_description":"LO br\u00e4nd pakub t\u00e4naseks lisaks parf\u00fc\u00fcmidele ka valiku toal\u00f5hnastajaid, nii pihustatavaid kui difuusereid.","twitter_image":"https:\/\/wasahotels.ee\/resort\/wp-content\/uploads\/sites\/2\/2022\/05\/LO-orange-vaike.jpg","twitter_misc":{"Est. reading time":"3 minutit"},"schema":{"@context":"https:\/\/schema.org","@graph":[{"@type":"WebPage","@id":"https:\/\/wasahotels.ee\/resort\/paevaspaa\/","url":"https:\/\/wasahotels.ee\/resort\/paevaspaa\/","name":"Laboratorio - Olfattivo-","isPartOf":{"@id":"https:\/\/wasahotels.ee\/resort\/#website"},"datePublished":"2023-05-30T09:32:14+00:00","dateModified":"2025-03-21T10:41:46+00:00","breadcrumb":{"@id":"https:\/\/wasahotels.ee\/resort\/paevaspaa\/#breadcrumb"},"inLanguage":"et","potentialAction":[{"@type":"ReadAction","target":["https:\/\/wasahotels.ee\/resort\/paevaspaa\/"]}]},{"@type":"BreadcrumbList","@id":"https:\/\/wasahotels.ee\/resort\/paevaspaa\/#breadcrumb","itemListElement":[{"@type":"ListItem","position":1,"name":"Home","item":"https:\/\/wasahotels.ee\/resort\/"},{"@type":"ListItem","position":2,"name":"P\u00c4EVASPAA PAKETID"}]},{"@type":"WebSite","@id":"https:\/\/wasahotels.ee\/resort\/#website","url":"https:\/\/wasahotels.ee\/resort\/","name":"Wasa Resort","description":"Wasa Resort","potentialAction":[{"@type":"SearchAction","target":{"@type":"EntryPoint","urlTemplate":"https:\/\/wasahotels.ee\/resort\/?s={search_term_string}"},"query-input":{"@type":"PropertyValueSpecification","valueRequired":true,"valueName":"search_term_string"}}],"inLanguage":"et"}]}},"acf":[],"_links":{"self":[{"href":"https:\/\/wasahotels.ee\/resort\/wp-json\/wp\/v2\/pages\/15676","targetHints":{"allow":["GET"]}}],"collection":[{"href":"https:\/\/wasahotels.ee\/resort\/wp-json\/wp\/v2\/pages"}],"about":[{"href":"https:\/\/wasahotels.ee\/resort\/wp-json\/wp\/v2\/types\/page"}],"author":[{"embeddable":true,"href":"https:\/\/wasahotels.ee\/resort\/wp-json\/wp\/v2\/users\/11"}],"replies":[{"embeddable":true,"href":"https:\/\/wasahotels.ee\/resort\/wp-json\/wp\/v2\/comments?post=15676"}],"version-history":[{"count":46,"href":"https:\/\/wasahotels.ee\/resort\/wp-json\/wp\/v2\/pages\/15676\/revisions"}],"predecessor-version":[{"id":22663,"href":"https:\/\/wasahotels.ee\/resort\/wp-json\/wp\/v2\/pages\/15676\/revisions\/22663"}],"wp:attachment":[{"href":"https:\/\/wasahotels.ee\/resort\/wp-json\/wp\/v2\/media?parent=15676"}],"curies":[{"name":"wp","href":"https:\/\/api.w.org\/{rel}","templated":true}]}}